*15. Calculate the remainder when ((-24)/m)/((-2)/(-144)) is divided by 17.
14
Let k(p) = p**2 + 37*p + 234. Let l be k(-29). What is the remainder when (-3)/l + 9872/32 is divided by 39?
34
Suppose -2*z - 7*u + 225 = -4*u, 325 = 3*z + 2*u. What is the remainder when z is divided by ((-319)/132)/29 - 831/(-36)?
13
Suppose 4*g - 19 + 12 = -m, 3 = -3*g. Suppose 80 = -3*b + 8*b. What is the remainder when (b/(-3) + 4)*(0 - 12) is divided by m?
5
Suppose -3 = 3*x + 6. Let d be 2/(x + (-5)/(-1)). What is the remainder when 33 is divided by (-8)/12 + (69/9)/d?
5
Suppose -111 + 459 = 6*f. Let t = -124 - -135. Calculate the remainder when f is divided by t.
3
Let k(v) be the second derivative of 17*v + 0 + 1/12*v**4 - 11/2*v**2 + 0*v**3. What is the remainder when 41 is divided by k(-5)?
13
Let f(y) = -2*y + 126. Let p(k) = 4*k - 1. Let s(b) = f(b) - 2*p(b). Calculate the remainder when s(11) is divided by 4.
2
Let o = -3 - -8. Suppose -2*t + o*t = 228. Let r = t - 59. Calculate the remainder when 49 is divided by r.
15
Suppose 13*h - 4*h - 4*h - 100 = 0. Let f = -264 + 382. Calculate the remainder when f is divided by h.
18
Suppose x + 2*i = 292 + 51, 3*x + i - 1014 = 0. Calculate the remainder when x is divided by 3/5 + ((-5334)/(-35))/6.
25
Let l(b) = -b**2 + 83*b + 939. Calculate the remainder when l(70) is divided by 10.
9
Let u(s) = -s**2 + 5*s - 7. Let i(v) = -v. Let q(z) = -5*i(z) + u(z). Calculate the remainder when 61 is divided by q(7).
5
Suppose 69*l = 67*l + 340. What is the remainder when 7038/l*(6 - 1) is divided by 14?
11
Let j(k) = -16*k + 306. What is the remainder when 812 is divided by j(16)?
12
Suppose 5*b = -u + 34, 6 = -3*u + 5*b + 28. What is the remainder when -27*(-649)/231 - (-2)/u is divided by 4?
0
Suppose 82 = 9*v - 89. Let l = -137 + 266. Calculate the remainder when l is divided by v.
15
Suppose 4*i + 4*w = 0, 0 = -3*i + 4*w - 4 - 24. Let p(j) = -22*j - 25. Calculate the remainder when p(i) is divided by 42.
21
Suppose g - 61 = -3*f + 36, 0 = -3*g + 3*f + 231. Let q = 170 + -167. Let l(s) = -s**3 + 8*s**2 - 11*s + 2. What is the remainder when g is divided by l(q)?
12
Suppose 21*t - 273 - 189 = 0. Suppose 143 = 11*m + t. Calculate the remainder when m is divided by 3.
2
Suppose -i - 20 = n + 4*i, 4*n - 5*i = 45. Suppose n*p + 38 = 4*m + 101, p - 9 = 2*m. What is the remainder when 17 is divided by p?
2
Let a(l) = l**3 + 5*l**2 + 4*l + 3. Let p be a(-4). Suppose 5*f - 2*h - 7 = -p*h, -3 = -f - h. What is the remainder when 7 is divided by f?
0
Suppose 10*d + 92 - 22 = 0. Let m(g) = -13*g - 84. Let w(o) = -o**2 + 11*o + 2. Calculate the remainder when w(5) is divided by m(d).
4
What is the remainder when 84 is divided by 48/12 + (28 - 11)?
0
Let y(b) = 2*b**2 - 27*b - 179. What is the remainder when ((-3 - -1)*-77)/2 is divided by y(-5)?
5
Suppose -9*y - 25 = -14*y. Let u be y - (-170 + (-15)/(-5)). Suppose -u = 30*o - 34*o. What is the remainder when o is divided by 11?
10
Suppose c - 2*g = 8, -3*c + 5*c + 5*g = -20. Calculate the remainder when 116 is divided by -17*(-5 + (-4)/(-1) + c).
14
Suppose -712*d + 899*d = 182138. Calculate the remainder when d is divided by 161.
8
What is the remainder when (59616/128)/(6/8) is divided by 9?
0
Calculate the remainder when 3624 + 7/((-3)/2*(-24)/36) is divided by 79.
76
Let f = 1056 + -1030. Calculate the remainder when 467 is divided by f.
25
Let h(w) = 322*w - 3435. Suppose 3*i = -t + 24, i - 3*i + 136 = 4*t. Calculate the remainder when h(11) is divided by t.
35
Let u be 2/(-3) - 21/9 - -6. Suppose 0*x + 25 = -5*p - 4*x, -u*p - 5*x = 28. Calculate the remainder when 19 is divided by 3 + p/(-2 + (-45)/(-24)).
8
Let b(h) be the third derivative of -h**4/4 - 13*h**3/3 - 2*h**2. Suppose -99 = 37*n - 26*n. Calculate the remainder when 137 is divided by b(n).
25
What is the remainder when 138 is divided by (-11)/((-77)/(-28)) - 45/(-5)*2?
12
Suppose -4*x - 4361 - 5359 = -12*v, -4*x = 12. Calculate the remainder when v is divided by -9*(-5 + (-1 - 0)).
53
Let n(a) = -a**3 - 5*a**2 + 11*a - 18. Let j be n(-7). Suppose -5*o = -0*l + l - 168, 0 = 3*l - j*o - 522. What is the remainder when l is divided by 58?
57
Suppose 0 = -13*p + p + 107 + 553. Calculate the remainder when p is divided by (0 + 5)/((-6)/(-18)).
10
Suppose 8*d = -1626 + 1754. Suppose 574 = d*z - 914. Calculate the remainder when z is divided by 52.
41
Suppose 30 = -f + 6. Calculate the remainder when 50 is divided by ((-66)/24 + 2)*f.
14
Suppose -2*h + 8 = 0, 25*d + 5*h + 6 = 26*d. Calculate the remainder when 934 is divided by d.
24
Suppose 2*n - 2*x - 2862 = 0, 3*x - 54 = -42. Suppose 0 = -10*v + 3*v + n. Calculate the remainder when v is divided by 69.
67
Let l(r) be the third derivative of 3*r**4/4 + r**3/3 + 5*r**2. Calculate the remainder when l(2) is divided by 2/(-10) - (-1120)/100.
5
Suppose 592*p - 596*p = -120. Let n(c) = 3*c**3 - 3*c**2 + 2*c - 2. Calculate the remainder when p is divided by n(2).
2
Let u = 220 - 195. Calculate the remainder when 1048 is divided by u.
23
Suppose 0 = -94*x + 30*x + 85914 + 9062. What is the remainder when x is divided by 27?
26
Let t(i) = -i**3 - 54*i**2 + 408*i + 16. What is the remainder when t(-61) is divided by 11?
9
Suppose 82 - 96 = -x. Let v = x - -40. Calculate the remainder when v is divided by 10.
4
Suppose 3*a + 333 = 3*h, 4*a - 436 = -17*h + 13*h. What is the remainder when h is divided by 18?
2
Let l(d) = 4*d - 77. Let j be l(21). Suppose 0 = -j*x + 52 + 25. Calculate the remainder when 54 is divided by x.
10
Let q(l) = l**2 + 11*l + 8*l**2 + 5 - 17 - 5*l**2. Calculate the remainder when q(4) is divided by 29.
9
Suppose 0 = 5*z - 3*v - 20, -20 = -3*z - 2*z + 5*v. Suppose -3*l = -4*l, 1188 = z*s + 4*l. What is the remainder when s is divided by 20?
17
Let z be (-879)/5 + 40/50. Let p = z - -183. Suppose 5*l + o + 0*o - 387 = 0, 4*l = 2*o + 304. Calculate the remainder when l is divided by p.
5
Let f = 230 + 460. Calculate the remainder when f is divided by (14 + -7)/(1/(90/(5 - -5))).
60
Suppose -134 = -5*g - 3*r, 0 = -4*r - 7 + 19. Suppose -4*n - z + 224 = -g, -5*n - 2*z + 315 = 0. Calculate the remainder when n is divided by 34.
27
Suppose 3*w + 2*w + 10 = 0. Let a(v) = -8*v**2 - 65*v - 78. What is the remainder when a(-2) is divided by -1 + 0 + 9 + w?
2
Let i = 170 - 65. Suppose -i*y = -113*y + 424. Calculate the remainder when y is divided by 18 - (-2 - 1*-2).
17
Let k(t) = 14*t - 1. Let m(s) = -82*s + 5. Let c(j) = -34*k(j) - 6*m(j). Calculate the remainder when 56 is divided by c(1).
16
Let w be 8*2/20*(4 - -1). Suppose w*y - 120 = -4*c + 68, 5*c - 263 = 2*y. What is the remainder when c is divided by 28?
23
Let s(u) = -17*u**2 - 6*u - 10*u**2 + 28*u**2. Let m be ((-14)/(-42))/((-2)/(-42)). What is the remainder when 14 is divided by s(m)?
0
Suppose 2*u = -8 + 16. Let l be ((-2)/6)/((-2)/(-78)). Let t = u - l. What is the remainder when 50 is divided by t?
16
What is the remainder when 303 - ((-4)/(-8))/(1/(-18)) is divided by 9?
6
Let j = -18 + 26. Suppose j = -2*r, -h - r - 104 = -6*h. Let a(z) = z**3 - 21*z**2 + 20*z + 11. What is the remainder when 21 is divided by a(h)?
10
Let d be (10/(-20))/(2/(-36)). Suppose 0 = d*f + 12*f - 168. Calculate the remainder when 7/35 + f/(-60)*-681 is divided by 23.
22
Suppose 6*y - 1151 - 655 = 0. Suppose 14*q = y + 63. What is the remainder when 84 is divided by q?
6
Suppose 0 = -4724*j + 4619*j + 105. Let x = 8 - 2. What is the remainder when x is divided by j?
0
Let s = 148 - 145. What is the remainder when 17/s*2*(-36)/(-8) is divided by 16?
3
Let v = -77 + 109. Calculate the remainder when v is divided by (-4)/(-10)*25/20*14.
4
Suppose 4 = 17*j - 21*j, 2*q - 3*j = 33. Calculate the remainder when 6373 is divided by q.
13
Suppose -11*o = -10*o - 918. Suppose -6*l = -0*l - o. Calculate the remainder when l is divided by 36.
9
Let i = 15405 - 9060. Calculate the remainder when i is divided by 92.
89
Let s = 3652 + -3547. Calculate the remainder when s is divided by 10.
5
Suppose 0 = -5*f - 20, -5*f + 19 = 5*s - 1. Calculate the remainder when (-1)/(-2)*20*(-9)/(-5) is divided by -26*(-4)/s - (-2 - -4).
7
Suppose 3*g - 24 = 81. Let l be 22 + -1*(-4)/(-2). Let d = g - l. What is the remainder when d is divided by